nd derivative of i**4/12 - 3*i**3/2 - 2*i**2 - 22*i. What is c(n)?
-12
Let z(x) be the second derivative of 0 - 5/6*x**3 + 3*x**2 + 41*x - 1/12*x**4. Suppose -2*q + 0 = 3*m + 1, 11 = -4*q - 3*m. Calculate z(q).
6
Suppose 5*j = 2*w - 19986 - 3910, 0 = 4*w + 4*j - 47848. Let p(r) = r + w*r**2 - 4*r - 11963*r**2 + 2. What is p(1)?
-6
Let i be (-1)/(4/(-3) - -1). Let u(g) be the second derivative of -g**3/6 - 2*g**2 + 21*g - 46. Calculate u(i).
-7
Let m(b) = -5*b. Let q be m(-1). Let v(c) = -26*c - 148. Let i be v(-7). Let w(t) = 43 + t + 38 + i - 117. Give w(q).
3
Let f(g) = 1580*g + 17376. Let v be f(-11). Let b(k) be the second derivative of k**4/12 + k**3/3 + k**2/2 + 3*k. Calculate b(v).
9
Let m(z) = -z**3 - 71*z**2 - 79*z - 618. Let x be m(-70). Let d(g) = 8*g - 66. Determine d(x).
30
Let s(i) = 49*i - 195. Let b be s(4). Let d be (-6)/9 - 10/(-6). Let k(z) = 0*z + 2*z**2 - 2*z + d + 0. Give k(b).
1
Suppose 76*v - 1005 - 435 = -14*v. Let n(p) be the third derivative of -4/3*p**3 + 0*p + 0 + v*p**2 - 1/24*p**4. Calculate n(6).
-14
Let y(j) = -3*j - 6. Let k(v) = v**2 + 8*v - 2. Let c be k(-8). Let o be y(c). Suppose -2*z - i - 3 = o, -z = 2*z + 3*i. Let a(w) = 5*w + 2. Determine a(z).
-13
Let m(o) = o**2 + 14*o + 5. Suppose -33 = -7*f + 2. Let d be (f/(-10))/((-2)/(-52)). Calculate m(d).
-8
Let l(w) = -w**2 + 9*w + 13. Let d(x) = -x**3 - 12*x**2 - 27*x + 48. Let y be d(-7). Determine l(y).
-123
Suppose -7 = -s - 3. Suppose -130 = s*r - 14*r. Let l(h) = r + 10*h - 12 - 7*h. Calculate l(-4).
-11
Let m(i) = 5*i + 2. Let p(f) = 10*f + 5. Let r(a) = -5*m(a) + 2*p(a). Let g(x) = x + 9. Let d be (3 - 28/20)*5*-1. Let b be g(d). What is r(b)?
-5
Let c(y) = 18 + 5*y - 56*y**2 + 2*y**3 - 73*y**2 + 98*y**2. What is c(15)?
-132
Let h(r) = -7*r**2 - 38*r - 115. Let y(z) = -3*z**2 - 19*z - 57. Let q(s) = 2*h(s) - 5*y(s). Calculate q(-16).
7
Let l(z) = -579 - z**2 + 299 + 0*z - 14*z + 284. What is l(-7)?
53
Let w(n) = 5*n - 2. Let f(z) = 2*z - 1. Let i(c) = 5*f(c) - 3*w(c). Suppose -28 = 5*y - 5*r - 33, -y + 1 = -5*r. Determine i(y).
-4
Let s(o) = -9*o + 4. Let k(a) be the third derivative of -7*a**4/24 + 2*a**3/3 + 130*a**2. Let g(f) = -4*k(f) + 3*s(f). Let p = 16 - 8. Calculate g(p).
4
Let m(j) be the third derivative of -1/60*j**5 + 0*j + 0 + 17*j**2 + 2/3*j**3 - 1/8*j**4. Calculate m(-3).
4
Let i = -9 + 13. Let w(q) = -6*q + 1. Let u(v) = -13*v + 8. Let s(m) = -u(m) + 2*w(m). Give s(i).
-2
Let p(b) = 5*b**2. Let j be p(-1). Suppose -8 = j*k + 12. Let n(g) be the third derivative of -g**6/120 - g**5/30 + g**4/12 - 5*g**3/6 + g**2. Give n(k).
19
Let x(v) = 3*v**2 - v. Suppose 0 = 2*r + 8, -5*r = -0*z - 3*z + 29. Let b be (22/(-33))/((-2)/z). Let a be b/3 - (-3 + (-14)/(-6)). Determine x(a).
2
Let w(n) = 2. Suppose 2284*h - 2282*h = -2. Let a(k) = -k**2 - 6*k + 7. Let o(i) = h*a(i) + 4*w(i). Let j = -8 - -3. Determine o(j).
-4
Let x(n) = -13*n - 10. Let k(o) = o**2 + o. Let p(l) = k(l) + x(l). Let q be p(13). Let b(a) = -4*a**2 + q - 1 - 1. Give b(-1).
-3
Suppose 4*a = -8, -25*d + 3*a = -23*d - 338. Let x(n) = n**3 - 3*n**2 - n**3 + n**3 + 2*n + d - 163. Suppose 0 = 2*w - 0*w - 6. What is x(w)?
9
Suppose -2*s - 4 + 10 = 0. Let h(d) = 3*d**3 - 4*d**2 - 2*d**2 - d**2 + 8. Let p(t) = 2*t**3 - 4*t**2 + 4. Let m(j) = s*h(j) - 5*p(j). What is m(0)?
4
Let h be (49/(29792/(-285)))/(-9*2/8). Let p(f) be the third derivative of -1/15*f**5 + 0*f + 24*f**2 + h*f**4 + 0 - 1/120*f**6 - 1/2*f**3. What is p(-5)?
-3
Let h(o) = -13*o - 43. Let t be h(-3). Let i(r) = 0*r + r**3 - 2*r**2 + 120 + 5*r**2 - 123 - r + 0*r. Calculate i(t).
-15
Let l(v) = -v + 1. Suppose -2*i + 6 = 2. Suppose -3*s + 9 = -2*y, 4*s - i*s + 4*y - 6 = 0. What is l(s)?
-2
Let o(l) = 3*l**3 + 3*l**2 - 3*l - 1. Let b be o(-2). Let m be (1834 - -1) + (3 - 3/(-3)). Let z(x) = 0 + 3 - m*x**3 + 1838*x**3 - 6*x - 8*x**2. Calculate z(b).
-4
Let x(t) = 112*t**3 - 5*t**2 + 2*t. Let w be x(2). Let b(l) = -878*l - 9 - w*l + 1757*l. What is b(-9)?
0
Let t(o) be the second derivative of o**3/3 - 2*o**2 - 9*o. Suppose -48*v = -50*v + 12. Determine t(v).
8
Let k(f) be the second derivative of f**5/20 - 5*f**4/6 + f**3/3 - 3*f**2 + 1319*f. Determine k(9).
-69
Let x(i) = 2*i + 19. Suppose -20*o = -15*o + n + 18, -4*n + 24 = -4*o. Calculate x(o).
11
Let f = 74 - 66. Suppose f = -5*w + 33. Let t be (-3)/w + (-30)/(-50). Let b(o) = o**2 - 4. Determine b(t).
-4
Let a(i) = -2*i - 62. Let j(d) = -7*d - 194. Let x(c) = 10*a(c) - 3*j(c). What is x(20)?
-18
Let z(m) = 13*m**2 + 2*m - 1. Let q(r) = 2*r**2 - r. Let y(t) = -2*q(t) - z(t). Calculate y(-1).
-16
Let y(n) = -n**3 + 10*n**2 + 3*n - 2. Let m = 3440 + -3430. What is y(m)?
28
Let p(z) be the third derivative of -z**5/30 + z**4/2 - 23*z**3/6 + 332*z**2. Give p(4).
-7
Let k(a) = 3*a**3 + 24*a**2 + 3*a + 4. Let n(m) = -4*m**3 - 25*m**2 - 4*m - 5. Let c(z) = -5*k(z) - 4*n(z). Determine c(20).
20
Let r(b) = -b**2 - 16*b + 33. Let f = 2001 + -2020. Determine r(f).
-24
Let f(x) = -28*x - 4. Let r(n) = -25*n + 4. Let h be r(0). What is f(h)?
-116
Suppose 9*q + 24 = 13*q. Suppose 0 = -2*l - 2*l + 28. Let u(b) = q*b - l*b - 1 - 3. Determine u(0).
-4
Suppose 0 = 2*h - 9*h + 1071. Let j(x) = -2*x - x - 158 + h. What is j(-3)?
4
Let h(u) = -7 - 11*u + 670*u**2 - 169*u**2 - 172*u**2 - 165*u**2 - 163*u**2. Let v = 58 + -47. What is h(v)?
-7
Let y be -10 - ((-250)/10 + 10). Let b(t) be the second derivative of t**4/24 + t**2 + 2*t. Let q(x) be the first derivative of b(x). Determine q(y).
5
Let c(p) = 5*p - 3816*p**2 + 3815*p**2 + 4*p - 15. Calculate c(9).
-15
Let j(q) = -3*q**3 - q**2. Let x(g) = -9*g + 64. Let m = -92 - -97. Let z be 21/15*(10 - m). Let o be x(z). Give j(o).
-4
Let k(v) = -24*v - 57. Let m(l) = -37*l - 67. Let z(f) = 8*k(f) - 5*m(f). What is z(-16)?
-9
Let w(n) = 4 - 1788*n + 5283*n - 1774*n - 1761*n. Determine w(-2).
84
Let x(v) = -2*v**2 + 101*v - 248. Let o be x(48). Let j(q) = -q - 3. Calculate j(o).
5
Let p(z) be the first derivative of -z**4/4 + 2*z**3 - 7*z**2/2 + z + 86. Suppose -6*a + 9 = -3*a. Suppose a*m - 20 = -y, 10 = m + 5*y - 20. Give p(m).
-9
Suppose 0 = -43*c + 1886 - 1972. Let x(o) = -150*o - 304. Determine x(c).
-4
Suppose 0*u + u - 4*m - 66 = 0, 3*m = 9. Let v = 82 - u. Let x(f) = v*f - 1 - f + 8*f - 4*f. Determine x(1).
6
Let x(d) = -2*d**3 - 12*d**2 - 11*d + 2. Let v(s) = 5*s**3 + 26*s**2 + 22*s - 3. Let j be 6/9 - (-598)/(-78). Let z(t) = j*x(t) - 3*v(t). What is z(7)?
23
Let u(h) = -h**2 - 2 + 1 - 8*h + 5*h. Suppose t + 2*d = -2, -t - 50 = -d - 42. What is u(t)?
-19
Let o = 277 - 275. Suppose 57 = o*a + 37. Let l(h) = -2*h + 10. Determine l(a).
-10
Let r(k) = k**3 - 2*k**2 - 13*k + 1. Let i(s) = 26*s**2 + 48*s - 20. Let c(t) = i(t) - r(t). Calculate c(30).
9
Let p(l) = -3*l**2 - 34*l - 11. Let i be p(-11). Let c(x) be the first derivative of -x**2/2 + 18*x + 80. What is c(i)?
18
Let c(l) = l**2 + 10*l + 6. Suppose 3*d - 7 = 2*k + 4, 24 = -3*k - 3*d. Let z be k/(28/(-16)) - 12. What is c(z)?
-10
Let a(y) = 4*y**2 + 4*y - 22. Let w be a(-6). Let o(x) = -97*x + w*x + 1 - 3. Let v be 480/(-32)*(-2)/5. Give o(v).
4
Suppose -184*h + 188*h = -l + 90, 3*h - l - 64 = 0. Let i(v) = -v**3 + 23*v**2 - 20*v - 26. Determine i(h).
18
Let h(k) = -k + 4. Suppose 208*t = 218*t - 50. Suppose -15 = -t*j, x - j + 15 = -0*j. Calculate h(x).
16
Let l(i) = i**3 + i**2 - 2*i - 44. Suppose -26*n - 6*n = -4*n. Determine l(n).
-44
Let d be (-2)/3*483/(-14). Let x = d + -21. Let o be (-5)/(-5)*-1*x. Let t(g) = -g**3 - 2*g**2 - 3*g - 2. Determine t(o).
4
Let s(p) = 133*p - 4 - 3 - 129*p + 2*p**3 - 12*p**2 + 4*p**2 + 2. Give s(5).
65
Let z = 5 + 31. Let n = 77 - z. Suppose -5*i = 4*p + n, 23 = -4*i - 3*p - 9. Let r(c) = -c**2 - 5*c - 7. Calculate r(i).
-7
Let i(f) = 4*f + 2. Let g(s) = -2*s - 12. Let m be g(-5). Let x(q) = -5*q - 3. Let v(y) = m*x(y) - 3*i(y). Let b = 1915 - 1918. Calculate v(b).
6
Let p(q) = -4*q - 2. Let n(w) = -5*w - 3. Let t(j) = 3*n(j) - 4*p(j). Let s(b) = -b**2 - 849*b + 12963. Let o be s(15). Give t(o).
2
Let y(k) = -4*k**2 + k. Let o(g) = -3*g**2 - 9*g - 22. Let i(h) = o(h) - y(h). Determine i(18).
122
Let f(s) be the first derivative of s**4 + 2*s**3/3 - 3*s**2/2 + 2*s + 416. What is f(1)?
5
Let y(b) = b**2 + b + 2. Let c(m) = 12*m + 96. Let z be 